?
1000011101111000000
In base 6, what is -1142 + -1134343?
-1135525
In base 4, what is 2 - 1010302120123?
-1010302120121
In base 12, what is -1166b + -330?
-1199b
In base 15, what is 83a9931 + -1?
83a9930
In base 15, what is 8b + -428b?
-4200
In base 12, what is -3 + -309900?
-309903
In base 8, what is 16164410 + -6?
16164402
In base 13, what is 16052742 + 1?
16052743
In base 8, what is 3467 - 31644?
-26155
In base 8, what is 1336 - 226077?
-224541
In base 8, what is 7 + -25707224?
-25707215
In base 13, what is 11 + -1861aa6a?
-1861aa59
In base 8, what is 2131 - -72327?
74460
In base 13, what is 13c152 - -483?
13c605
In base 4, what is 132213200 + -12023?
132201111
In base 4, what is 11 + 2322223313000?
2322223313011
In base 3, what is 2010100200200101021 - 11?
2010100200200101010
In base 5, what is -14240044334 + 42?
-14240044242
In base 4, what is -112130303 - -21131?
-112103112
In base 5, what is 1110 + 44424014?
44430124
In base 13, what is -cb60 + 1332?
-b82b
In base 16, what is -2b + -56728?
-56753
In base 3, what is -111122100221 + 10002?
-111122020212
In base 2, what is -10110100110001000000 - 101?
-10110100110001000101
In base 10, what is 23551642 - -3?
23551645
In base 8, what is -12 - 31011655?
-31011667
In base 13, what is 6559 + -1476?
50b3
In base 15, what is -aed + -2334?
-2e32
In base 16, what is -df62 - 9df?
-e941
In base 15, what is 0 + 95ca6cb?
95ca6cb
In base 15, what is 4 + -1bcc74?
-1bcc70
In base 5, what is 203310303302 - 3?
203310303244
In base 9, what is -177137 + -136?
-177274
In base 4, what is 33233101031 + -11?
33233101020
In base 9, what is -16 + -1103374?
-1103401
In base 3, what is 221200101021 + 11?
221200101102
In base 7, what is 125144 - -64346?
222523
In base 13, what is -676 - aa58?
-b401
In base 13, what is 45a4172 - 2?
45a4170
In base 11, what is -952 - -6233?
5391
In base 4, what is 2101211112 + -32?
2101211020
In base 11, what is 2378 - 50992?
-49615
In base 13, what is 3 - -90a3c7?
90a3ca
In base 16, what is 4f4 - 6b1?
-1bd
In base 5, what is -11034441 - -223?
-11034213
In base 10, what is 11829 - -6603?
18432
In base 15, what is 482323 + 13?
482336
In base 3, what is 100020202011 + 1120210?
100022022221
In base 10, what is 0 - -5548377?
5548377
In base 9, what is -2508673 + 6?
-2508666
In base 10, what is -28408 + -6?
-28414
In base 11, what is -964624 - -4?
-964620
In base 9, what is 32046541 + 25?
32046566
In base 6, what is -55102003 - -241?
-55101322
In base 14, what is 22d694 + -8?
22d68a
In base 16, what is adbe + -fd?
acc1
In base 12, what is 64 + b94b?
b9b3
In base 11, what is a30 - -2733?
3663
In base 2, what is -1011 + 10010011010000001011001101?
10010011010000001011000010
In base 9, what is 132588 + -674?
131814
In base 11, what is 4 + -75a6a4?
-75a6a0
In base 3, what is 1201121120222 - -12212?
1201121210211
In base 2, what is 10010010101100111 - 10011101011?
10010000001111100
In base 4, what is 1 + -2302333022332?
-2302333022331
In base 13, what is 1 + -2203c75?
-2203c74
In base 10, what is 3011 + 5347?
8358
In base 7, what is 12 + 12316436?
12316451
In base 3, what is -10112102002 + 20001?
-10112012001
In base 16, what is 3 + 95e8b?
95e8e
In base 16, what is -4 + -4f69e?
-4f6a2
In base 9, what is -280 - -602775?
602485
In base 14, what is -4 - 6c5913?
-6c5917
In base 4, what is -233 + 1123112210313?
1123112210020
In base 14, what is 10da71 - 0?
10da71
In base 16, what is 373a - 92f?
2e0b
In base 13, what is 3 - -352a1c2?
352a1c5
In base 4, what is 12313202 + -1332?
12311210
In base 15, what is 30 + -781e?
-77de
In base 9, what is 340 - 18788?
-18448
In base 4, what is -202 - 103102102?
-103102310
In base 10, what is -5624993 + 61?
-5624932
In base 9, what is -1260321 + -81?
-1260412
In base 13, what is 0 + -509b8?
-509b8
In base 7, what is 14 + -213664543?
-213664526
In base 12, what is 229 - 109932?
-109705
In base 4, what is 1323113231 - -322?
1323120213
In base 15, what is -30 - -1ba8b?
1ba5b
In base 4, what is 12322213321232 - 10?
12322213321222
In base 7, what is 12333532 + -30?
12333502
In base 16, what is 2dcdd - 35?
2dca8
In base 15, what is -b8d + -5d?
-beb
In base 9, what is -38731658 - 2?
-38731661
In base 6, what is 33 - -312013?
312050
In base 13, what is 888a98 - -2?
888a9a
In base 7, what is 41341325 - -5?
41341333
In base 3, what is -10011012112 + 1210?
-10011010202
In base 13, what is -21949 - -1c54?
-1c9c5
In base 8, what is 3 - 143545006?
-143545003
In base 2, what is 11100101111111 - -11111101?
11101001111100
In base 15, what is 3ca59a - 1?
3ca599
In base 10, what is -11063 - -144?
-10919
In base 10, what is -4394 + 269?
-4125
In base 8, what is 10343 + 3532?
14075
In base 15, what is -a6b6e3 - 3?
-a6b6e6
In base 9, what is 666582144 + -3?
666582141
In base 14, what is 1 + 2b807b?
2b807c
In base 3, what is -20022 - -11221010101?
11220220002
In base 14, what is 298c783 + 1?
298c784
In base 14, what is -5 + 23ba8?
23ba3
In base 2, what is 100011 - 1110101000000001000101101?
-1110101000000001000001010
In base 16, what is -b4d3b + -28?
-b4d63
In base 9, what is -765 - 43723?
-44588
In base 14, what is -88c88 - 1a?
-88ca4
In base 7, what is -2454053 + -256?
-2454342
In base 2, what is -110001010101110110100100 - -101?
-110001010101110110011111
In base 2, what is -110000001011 - 1101100010?
-111101101101
In base 4, what is 1020320 + 311030?
1332010
In base 5, what is 43312 + -243143?
-144331
In base 4, what is 12033001222 - -2?
12033001230
In base 12, what is -7a27 + 3bb4?
-3a33
In base 8, what is -351 - -170775?
170424
In base 3, what is 2112121010 + -1122?
2112112111
In base 12, what is 4 - 2752244?
-2752240
In base 4, what is 20 - 2332321130010?
-2332321123330
In base 9, what is -6144780 - 5?
-6144785
In base 14, what is 16d0dd18 - 1?
16d0dd17
In base 13, what is 31c308714 + 0?
31c308714
In base 4, what is 10230231102 - 1330?
10230223112
In base 10, what is -914 + 6824?
5910
In base 5, what is 40221342414 - -10?
40221342424
In base 10, what is 0 - 5503749?
-5503749
In base 4, what is -21110322 - 30323?
-21201311
In base 3, what is 20101212001112121 + 11?
20101212001112202
In base 8, what is 60 - -27237070?
27237150
In base 2, what is 1 + -1101101111011110010100?
-1101101111011110010011
In base 11, what is -5247 - 14520?
-19767
In base 6, what is 10 + 1415333222?
1415333232
In base 2, what is -100010 - -100011101100101000?
100011101100000110
In base 2, what is -10000010011101011 - 10000110101?
-10000100100100000
In base 3, what is -1001 - -2222020001020?
2222020000012
In base 2, what is -11111110100001010 + -110111?
-11111110101000001
In base 7, what is 146650212 + -11?
146650201
In base 9, what is -1625 + 30755?
28130
In base 15, what is 13a29dd + 58?
13a2a46
In base 6, what is -2 + 442052555?
442052553
In base 3, what is -200212110 + -20000002?
-220212112
In base 4, what is -321 + 10313023200?
10313022213
In base 15, what is -1c6064 - 35?
-1c6099
In base 11, what is 1253a1514 - 1?
1253a1513
In base 15, what is -2 + 51255?
51253
In base 15, what is 27 + 128c8a9?
128c8d1
In base 15, what is 15 - -84256?
8426b
In base 16, what is -1f8714e + -12?
-1f87160
In base 12, what is 3b01b + 63?
3b082
In base 4, what is 1101 + -32212112?
-32211011
In base 2, what is 111011 + 10000100101010110010?
10000100101011101101
In base 7, what is 145415 + -3031?
142354
In base 11, what is -6 - 2695952?
-2695958
In base 2, what is 110010001010011111100 - 11?
110010001010011111001
In base 9, what is 45116 + -448?
44557
In base 4, what is -32 + 200012312031?
200012311333
In base 9, what is -4511518 - 5?
-4511524
In base 9, what is -654 - 28877?
-30642
In base 12, what is -65 + -567732?
-567797
In base 13, what is 96 + 786424?
7864ba
In base 8, what is 12 + -41073150?
-41073136
In base 11, what is 69 + 59316?
59384
In base 4, what is 21331223 + 233?
21332122
In base 3, what is -102002200 + -1012120002?
-1121122202
In base 9, what is -20103 + 8548?
-10444
In base 11, what is 3434063 - 77?
3433a97
In base 3, what is -1122 - -1211200?
1210001
In base 6, what is -13 - -1014413?
1014400
In base 10, what is -126503 - 5928?
-132431
In base 5, what is -20201044032 - 0?
-20201044032
In base 9, what is 10 - -1312055?
1312065
In base 7, what is 333244 + -3215?
330026
In base 13, what is cb4 + c831?
10815